x be (-2)/10 - (-15615)/75. Let p = 208 - x. Let q(u) = -4*u**3 + 2*u**3 - 7 - u + u**3. Calculate q(p).
-7
Let x(g) be the second derivative of 13*g**3/6 - 19*g**2/2 - 972*g + 3. What is x(-4)?
-71
Let h(j) = j**2 + 6*j + 6. Let d be (1624/(-504) - 4/(-18)) + -3. Give h(d).
6
Let f(z) = 33981*z**2 + 6*z + 33975*z**2 - 67950*z**2 + 8. Determine f(-3).
44
Let n(f) = f**3 + 3*f**2 - f - 2. Let a be (180/(-105))/(2/14). Suppose -2*m = -2*c - 20 - 2, -5*c - 76 = 2*m. Let j = c - a. What is n(j)?
4
Let a(m) be the third derivative of -1/24*m**4 + 0 + 2*m + 1/60*m**5 + 6*m**2 - 7/6*m**3. Suppose -5*q + q + 16 = 3*b, -4 = 5*b - q. What is a(b)?
-7
Suppose 4*m - 23 = -3*w, -m + w - 2 - 1 = 0. Suppose l - 2*l + 5 = 0. Let s(i) = 8 - i - l - 2*i. Give s(m).
-3
Let y(r) = -r - 1. Let h(g) = 42 - 16 - 7 - 9 - 4*g - g**2. Let t(f) = -h(f) + 5*y(f). Let w be t(-4). Let a(b) = b**2 - 7*b + 3. What is a(w)?
-7
Let u(t) be the third derivative of t**8/5040 + t**7/2520 + t**5/30 + 13*t**4/24 + 122*t**2. Let q(p) be the third derivative of u(p). Determine q(2).
20
Let n(g) = 12*g**2 - 1153*g + 89. Let z be n(96). Let p(k) = 6*k + 17. Give p(z).
-25
Let i(f) be the first derivative of 3/2*f**2 + 4 + f. Suppose -3*h + 5*h + g - 4 = 0, 4*g = 8. Calculate i(h).
4
Suppose 5*k + 55 = -2*c + 7*c, 4*k = -3*c + 68. Let n = c - 19. Let y(x) = -4*x - 2 + 3 - 3 + 3*x. Determine y(n).
1
Suppose 2*a + 7 = 31. Suppose a = -2*q + 42. Let h(k) = 10 - 4*k - 23 + q. Calculate h(2).
-6
Let p be 2/(-4) + 17/2 + -4. Suppose -4*t + 2*l = -p, t - 3*l + 1 = 2. Let h be t/1*(-10)/5. Let u(v) = -3*v - 2. What is u(h)?
4
Let d(w) be the first derivative of -17*w**2/2 - 243*w + 3962. Give d(-14).
-5
Let m(l) be the first derivative of 9*l**2/2 - 2*l - 1310. Give m(1).
7
Let x(l) = l**3 + 16*l**2 - 22*l - 87. Let p = -3030 - -3013. Calculate x(p).
-2
Let s(j) = -j**2 - 7*j - 5. Suppose -5*n + 238 - 83 = 0. Let m = n + -31. Suppose -4*h + a = 28, 3*h = -m*h - 4*a - 2. Calculate s(h).
1
Let g(h) = 85 + 346*h - 348*h - h**2 - 10. Let u be g(8). Let p(i) = i**3 + 6*i**2 + 6*i + 2. Determine p(u).
-3
Let w be (1 - -5)*(28 + -1)/(-54). Let b(g) = 2*g**2 + 8*g + 7. Determine b(w).
1
Let u(k) be the third derivative of -k**4/12 + k**3/3 + 21*k**2. Let z(p) = p**3 + 7*p**2 - 4*p - 21. Let g be z(-7). Give u(g).
-12
Let y(q) = -19*q + 7. Suppose 1679*w - 12 = 1667*w. What is y(w)?
-12
Suppose 3*k = -5*p + 60, -2*p + 6*k - k - 7 = 0. Let j be 1/2*-1 + (-10)/(-4). Let c(x) = 0*x**2 + x**3 - 1 - 15*x**j - 3*x + p*x**2 + 3*x**2. What is c(-2)?
-15
Suppose -3*z + 44 = 8*z. Suppose 0*o = -z*o + 40. Let h(l) = -5 + 5*l**3 + 0*l + 9*l**2 - 6*l**3 + 6*l + 4*l. Calculate h(o).
-5
Let m(z) = -22*z - 3. Let a(r) = -3*r + 1. Let k(u) = -7*a(u) + m(u). What is k(-7)?
-3
Let z = -236 - -268. Suppose 2*m + 4*q = -0 + 4, z = 4*m - 4*q. Let p(r) = r**2 - 8*r + 5. Calculate p(m).
-7
Suppose 0 = 2*f + 55*y - 57*y + 64, -4*f = -2*y + 114. Let a(c) = -c**3 - 24*c**2 + 27*c + 37. Give a(f).
-13
Suppose -111 = -f - 74. Let r(u) = -u**3 + 18 + 37*u - f*u + 4*u**2 - 14. What is r(5)?
-21
Let m(n) = n**3 + 2*n**2 + 2*n - 1. Let r(a) be the third derivative of 0*a + 0 + 1/6*a**4 - a**2 - 3*a**3. Let i be r(4). Calculate m(i).
-5
Let t(c) = -3*c**2 - c - 11. Let o(m) = 8*m**2 + 19*m + 26. Let x(b) = -o(b) - 3*t(b). Determine x(16).
7
Let x = -638 + 646. Let m(d) = -28*d + 24*d - x + 11. What is m(5)?
-17
Let j(s) = -510*s - 110. Let z(i) = -109*i - 22. Let d(c) = -3*j(c) + 14*z(c). Determine d(-9).
-14
Let p be (-5)/(-5)*1*3. Let k(q) = -q + 6 + 7 - 16 + 9. Determine k(p).
3
Suppose 6*j - 45 + 21 = 0. Suppose 6*x = p + x + 24, -p + j*x = 19. Let a be (4/6)/(-3*p/9). Let n(w) = 2*w**3 + w**2 - 2*w. Determine n(a).
-8
Let n(b) = -5*b - 7. Let o be (-434)/154 + (-2)/11. Calculate n(o).
8
Let o(k) be the third derivative of -k**6/120 - k**5/12 + 13*k**4/24 - 17*k**3/6 - 2*k**2 - 68*k. Give o(-7).
-10
Let d(l) = -3*l**2 - 27*l + 3. Let w(k) = -3828 + 3826 + 4*k**2 - 2*k**2 + 19*k. Let o(p) = -5*d(p) - 7*w(p). Calculate o(2).
7
Let h(i) = -4*i - 2. Let y(r) be the first derivative of 3*r**2/2 + 2*r - 32. Suppose -52*f + 2 = -53*f. Let v(t) = f*h(t) - 3*y(t). Calculate v(-10).
8
Let g be 3 - ((120/45)/((-4)/(-18)) - 0). Let q(v) = -3*v - 7. Determine q(g).
20
Let g(m) = m**3 + 4*m**2 - 6*m + 4. Suppose 3*p = -3*j - 5 - 25, -p - 19 = 4*j. Let o(t) = t**2 + 6*t - 3. Let v be o(p). Suppose -v*d = 24 - 4. Calculate g(d).
9
Let u be (2/6)/(3/36). Suppose 0 = 5*o + u*y - 10 - 16, -5*y = -2*o + 17. Let c(z) = -z**3 + 7*z**2 - 9*z + 1. Calculate c(o).
-17
Suppose -3*w - w = -32. Let y(b) = -2 + 3*b + 12 - 7 - 8 + 1. Calculate y(w).
20
Let c(y) = -2*y**2 - 7*y - 5. Let d(i) = -3*i**2 - 6*i - 4. Let x(u) = 5*c(u) - 6*d(u). Let v(g) = 11*g**2 + g - 1. Let k(b) = 2*v(b) - 3*x(b). Calculate k(-3).
-14
Suppose -5*t = 3*z + 13, -13*t - z = -16*t - 19. Let g(k) be the second derivative of -2*k**3/3 + k**2 - 91*k. Determine g(t).
22
Let c(a) be the second derivative of -a**4/12 - 2*a**3/3 - 3*a**2 - 23367*a. Suppose 0*f - 2*t + 15 = -3*f, -12 = f - 3*t. What is c(f)?
-3
Let d(q) be the third derivative of 31*q**5/60 - 5*q**4/24 - q**3/6 + 3*q**2 + q + 238. Determine d(-2).
133
Let q(c) = -3*c - 12. Let y(w) = w**3 + 6*w**2 + 4*w - 17. Let k be y(-3). Let i(r) = 6*r + 26. Let l(h) = k*i(h) - 5*q(h). Let u = 14 - 20. Give l(u).
-10
Let l(g) = g**2 - 11*g - 7. Suppose 788 = -2*i + 5*j - 10*j, 2*i + 4*j + 786 = 0. Let h = i + 401. What is l(h)?
5
Let z(q) = q**3 - 6*q**2 + 2*q - 3. Let v be (6/1)/(((-36)/(-12) - 6) + 4). Determine z(v).
9
Let m(c) = 16*c**2 - 52*c - 64. Let b(z) = 6*z**2 - 18*z - 22. Let t(r) = 11*b(r) - 4*m(r). Determine t(-2).
2
Let d be 116877/18 - 4 - 2/12. Suppose -6*l = -3*l - d. Let c(q) = -2163 - 8*q + l. Calculate c(1).
-8
Let g(y) = y**2. Let v(o) = 11*o**2 - 10*o + 1. Let x(w) = -12*g(w) + v(w). What is x(-11)?
-10
Let v(t) = 8*t + 7. Let d(b) = -25*b - 21. Let l(o) = -2*d(o) - 7*v(o). Suppose -2*m - 32 = -4*f, -5*m - 5 = 27*f - 22*f. Determine l(m).
29
Let g(i) = -27*i**2 + i**3 + 20 + 25*i**2 - 41*i**2 + 82*i. Give g(41).
20
Let y(j) = -33*j + 4. Let z be y(1). Suppose 5*v = -3*w - 120, 3*v - 4*w + 43 = -29. Let a = z - v. Let o(u) = u**3 + 4*u**2 - 6*u. What is o(a)?
5
Let p(t) = -318*t - 305*t - 329*t + 971*t + t**2 - 3*t**2. Calculate p(9).
9
Let f(d) = 14*d**2 + 29*d - 34. Let z(x) = 5*x**2 + 17*x - 11. Let s(o) = 2*f(o) - 7*z(o). Calculate s(-9).
-9
Suppose 3*y + 0*i = -5*i + 8, 0 = 4*y + 2*i - 20. Let u(z) = -21*z**3 - 7*z**2 + z - 5*z - y*z**3 + 30*z**3 + 5 - 4*z**3. Calculate u(-5).
-25
Let x = 25294 - 25289. Let s(m) = -2*m**3 + 8*m**2 + 12*m - 11. Calculate s(x).
-1
Suppose 0 = 5*o - q - 8, -5*o - 4*q + 8*q + 2 = 0. Let w(t) be the first derivative of -22 + 4*t**o + 1/3*t**3 + 3*t. Give w(-7).
-4
Let w be ((-7896)/(-112))/(-2 + 10/4). Let s = w - 148. Let z(m) = m**2 + 4*m + 6. What is z(s)?
27
Suppose -h + 25 = -4*l, 0 = -20*l + 24*l + 12. Let n(q) = q**3 - 14*q**2 + 16*q - 33. Determine n(h).
6
Let v(b) = 6*b - 17. Let r = 342 - 338. Let k be v(r). Let o(p) = -p**2 + 8*p + 2. Determine o(k).
9
Let x be (-1 + 3)/(-2 + (-132)/(-69)). Let o = -47 - -72. Let p = o + x. Let t(h) = -3*h**2 + 3*h - 2. Give t(p).
-8
Let n(y) be the first derivative of -y**2 - 32. Let p(q) = -5*q + 2. Let b(f) = 4*n(f) - 3*p(f). Give b(-5).
-41
Let i = -20231 + 20231. Let r(j) = 8*j - 37. Calculate r(i).
-37
Let q(a) be the second derivative of 3*a**2 + 4*a - 7 - 1/20*a**5 + 0*a**3 - 13/12*a**4. Determine q(-13).
6
Suppose 1961*m - 1966*m = 2*o, 2*m - 4 = 0. Let i(n) = -3*n**2 + 2*n + 12. Give i(o).
-73
Let j(c) = -65*c - 345. Let d be j(-6). Suppose 35 = -3*v + y, 11*v - 16*v - y = d. Let g(w) = -w**3 - 9*w**2 + 10*w - 11. Calculate g(v).
-11
Let m(j) = j**2. Let c be m(-2). Suppose i + 0*i = -c. Let h(l) be the first derivative of l**2/2 + 5*l - 1540. Determine h(i).
1
Let h be (-5)/25 + (-28)/10. Let y(x) = x**3 + 3*x**2 + 2*x. Let p(q) = -q**2 - 1. Let u be (-19 - -16)*(-1)/(-3). Let g(f) = u*p(f) + y(f). What is g(h)?
4
Suppose -2*c = -2*p + 120, -3*c = -3*p - 2*c + 176. Let f(v) = 1 + 0*v + 30*v**3 - p*v**3 + 29*v**3 - 2*v**2 - 2*v. Calculate f(4).
25
Suppose 43*w - 40*w - 15 = 0. Suppose -w*x = 3*b + 38, 4*x - 3*x = 2*b - 5. Let 